se -4*v = -v. Suppose v*t - 87 = 3*b + 2*t, -2*b = -t + 51. Let x = b + 51. What are the prime factors of x?
2, 3
Let w(y) = y**2 - 3*y + 4. Let h be w(3). Let p be (-4)/6 + h/6. Suppose l = -4*n + 3 + 15, p = -4*l + 4*n + 112. List the prime factors of l.
2, 13
Let k be (-2)/(-2) + (-5 - -519). Suppose 7*g - 3*g + 2*b - 518 = 0, -4*g + b + k = 0. List the prime factors of g.
3, 43
Let u(z) = z**3 + 27*z**2 + 59*z + 29. List the prime factors of u(-22).
1151
Suppose -d = 3*n + 6, -d - 3 = -4*n - 11. Suppose 0 = -d*m + m - 55. List the prime factors of m.
5, 11
Suppose -3*q = w - 8420, 3*w = 11*q - 16*q + 14036. What are the prime factors of q?
2, 23, 61
Suppose -390 = -y - 82. List the prime factors of y.
2, 7, 11
Let q = 2442 - 1207. What are the prime factors of q?
5, 13, 19
Suppose -2*r - 5*i + 1044 = 184, -4*r + 1696 = -2*i. Suppose -m + 4 = 0, -2*a + r - 73 = 4*m. List the prime factors of a.
2, 3, 7
What are the prime factors of 5/(-5) + (1648 - 1) + -2?
2, 3, 137
Let h(n) = -n**2 + 5*n + 2. Let t be h(5). Suppose -t = 2*l - 8. Suppose 5 + 124 = 3*k - l*b, 0 = 2*k + 3*b - 71. What are the prime factors of k?
2, 5
Let n = -1346 - -2518. List the prime factors of n.
2, 293
Let q(v) = -v**2 + 30*v - 9. List the prime factors of q(20).
191
Let l = -165 + 415. List the prime factors of l.
2, 5
Let n(s) = 8*s - 11. Suppose -2*l + 2*y = y - 3, -4*y + 8 = -3*l. What are the prime factors of n(l)?
3, 7
Let g(n) = n**2 - n - 20. What are the prime factors of g(9)?
2, 13
Suppose -s - 3*k - 11210 = -6*s, -3*k - 4493 = -2*s. List the prime factors of s.
2239
Let y(p) = -14*p + 3*p + 4 - 26*p - 2. What are the prime factors of y(-2)?
2, 19
Let c(d) = -1 - 5 - 5 + 2 + 16*d. List the prime factors of c(3).
3, 13
Suppose -4*s + 36 = -592. List the prime factors of s.
157
Suppose -2*l = -4 + 46. List the prime factors of (-220)/(-6) + (-7)/l.
37
Suppose 20*n - 198 = 18*n. Suppose 495 = g + 4*g - s, 4*s - n = -g. Suppose 0 = -3*x + g - 9. What are the prime factors of x?
2, 3, 5
Suppose -80 = 12*r - 7*r. Let t = 37 + r. What are the prime factors of t?
3, 7
Suppose 42*x = -19*x + 136396. List the prime factors of x.
2, 13, 43
Let h be (-446)/(-7) + 12/42. Let n = 2 - h. Let s = n + 94. What are the prime factors of s?
2
Let v be 36/16 - 1/4. Let q be v/(-5) - 1358/(-70). Suppose -4*c + 169 + q = 0. What are the prime factors of c?
47
Let k(d) = 10*d + 9. Suppose -66 = 7*q - 18*q. What are the prime factors of k(q)?
3, 23
Suppose 0 = -u + 12. Let s(t) = -286 + u*t**2 + 2*t + 286. What are the prime factors of s(-2)?
2, 11
What are the prime factors of -6*10/20*(-5384)/6?
2, 673
Suppose -2*z + 26*o + 636 = 22*o, z - o - 317 = 0. List the prime factors of z.
2, 79
List the prime factors of 3877 - 18/(-15)*5.
11, 353
Let x = -27 - -33. Let t be x*-4*3/(-18). What are the prime factors of 1671/39 + t/26?
43
Let h(o) = 12*o**2 + 31*o - 28. What are the prime factors of h(9)?
1223
Suppose -2*w = -4*z + 12, 5*z - 5*w - 30 = -10*w. What are the prime factors of (3 + 7 + 3)*z?
2, 13
Let n(y) = -2*y**3 - 23*y**2 - 2*y - 25. List the prime factors of n(-14).
983
Let b = -110 + 44. Let p = 31 + b. Let s = p + 62. What are the prime factors of s?
3
Suppose -4*y - 2*m - 3*m + 19 = 0, 0 = -y - 5*m + 1. What are the prime factors of (y/4)/(2 - (-348)/(-176))?
2, 3, 11
Let d be ((-9)/6)/((-6)/60). Let l = -9 + d. What are the prime factors of (-2)/l - (-408)/9?
3, 5
Suppose -800 = -2*z - h, 6*z + 792 = 8*z - h. List the prime factors of z.
2, 199
Let k(f) = f - 3. Let z(w) = -6*w + 22. Let o(p) = 44*k(p) + 6*z(p). Let q be o(-1). What are the prime factors of (q/(-5))/(1/5)?
2
Let o = -2694 - -5615. List the prime factors of o.
23, 127
Let a = 319 - 308. What are the prime factors of a?
11
Suppose 3*f - 1 + 14 = 2*z, -5*f - 30 = -5*z. Suppose -3 = -z*a + 3*k, -k = a + 2*a - 13. Suppose 32 = j - a. List the prime factors of j.
5, 7
Let b(g) be the third derivative of -g**5/30 + 2*g**4 - 4*g**3/3 - g**2 - 4*g. List the prime factors of b(13).
2, 139
Suppose -236 = -k - 3*o, -7*o = -10*o. List the prime factors of k.
2, 59
Let i be 1 + (-4 - (-16 - -8)). Suppose -g + t + 0*t + 133 = 0, 130 = g - 2*t. Suppose -2*k + 4*k = 3*r - g, i*r - 5*k = 220. List the prime factors of r.
2, 3
Let l(t) be the third derivative of -3/20*t**5 + 0*t + 1/120*t**6 + 4*t**2 + 5/6*t**3 + 0 + 11/24*t**4. List the prime factors of l(8).
29
Let m(r) = 3*r**3 - 4*r**2 + 4*r - 2. Suppose 4 = -2*p - 8. Let x = p - -8. What are the prime factors of m(x)?
2, 7
Suppose 0 = -9*w + 3*w + 36. List the prime factors of 33/(-4)*(-32)/w.
2, 11
Let p(o) = 18*o**3 + 4*o - 18. List the prime factors of p(4).
2, 5, 23
Suppose -5*r - 27 - 2 = -3*f, 2*f = -3*r - 6. List the prime factors of 1/(f/6) - -1.
3
Let g(i) = -487*i - 61. What are the prime factors of g(-3)?
2, 5, 7
Let k(i) = 369*i. What are the prime factors of k(1)?
3, 41
Suppose 0 = -w + 90 + 163. Let y = -131 + w. List the prime factors of y.
2, 61
Suppose 4 + 4 = -q. Let t be (-614)/q + 2/8. Suppose -4*v + v = -4*j - t, -2*v - 2*j + 56 = 0. What are the prime factors of v?
3
Suppose 61*j - 57*j - 7496 = 0. List the prime factors of j.
2, 937
Let l(v) = v**3 + 11*v**2 + 10*v. Let d be l(-10). Suppose d = -m + 15 + 33. What are the prime factors of 18/4*m/18?
2, 3
Suppose 4*y - 5001 = -i, 3*i + 31*y - 15029 = 32*y. List the prime factors of i.
5009
Let w(o) = -3*o**2 - 96*o + 2. List the prime factors of w(-32).
2
Let q(u) = -6*u - 37. Let c be q(-9). Suppose 8*l - c*l + 1080 = 0. List the prime factors of l.
2, 3, 5
Suppose -m - 469 = -3*i - 2*i, 2*i - m = 190. Let a = i - 61. Suppose -59 = -3*l - 4*u, -4*l + 45 = 5*u - a. What are the prime factors of l?
13
Suppose -22*u + 30*u - 16 = 0. Let x = 111 - 78. Suppose -x - 21 = -u*y. What are the prime factors of y?
3
Let o = 825 - 518. What are the prime factors of o?
307
Suppose -w - 3*b + 3008 = 0, 3*w + 13*b = 10*b + 9048. List the prime factors of w.
2, 5, 151
Let c(i) = -i**3 + 14*i**2 + 20*i - 20. List the prime factors of c(14).
2, 5, 13
Let v(o) be the second derivative of -1/2*o**3 + o**2 + 0 + o. List the prime factors of v(-6).
2, 5
Suppose 0 = 2*a + 5*n - 191, 2*a + 2*n - 101 - 93 = 0. Suppose 3*x - 37 - a = 0. What are the prime factors of x?
3, 5
Suppose 3*a + 60 = -9. Let q = a - -23. Suppose -4*l - 11 = 5, q = 2*c + 2*l - 58. List the prime factors of c.
3, 11
Suppose 8 = m - 5*m. Let y be 0/(m*(-3)/(-3)). Suppose 5*s + y*j - j = 82, 31 = 2*s - j. List the prime factors of s.
17
Let h = 331 + 162. What are the prime factors of h?
17, 29
Let k = 436 + -182. What are the prime factors of k?
2, 127
Let m(w) = 4*w**2 - w**3 + 0 + 5 + 4*w + 2. Let f = 0 + 5. List the prime factors of m(f).
2
Suppose -3*h = -1 - 5. Suppose 5*n - h = -72. Let u = 10 - n. List the prime factors of u.
2, 3
Let v(w) = 7*w**2 + 29*w + 241. List the prime factors of v(-24).
7, 73
Let d(y) = y**2 - 56*y**3 + 8 + 0 - 7*y**3 - 9 - y. What are the prime factors of d(-1)?
2
Suppose 12 = 3*v, -2*s + 3*v - 36 = -12. Let o be 2*s/((-12)/(-35)). Let y = 51 + o. What are the prime factors of y?
2
Suppose -2*a = -3*h + 2152, 0 = 2*h - a - 0*a - 1436. Suppose 0 = 24*i - 29*i + h. What are the prime factors of i?
2, 3
Let q = 16 - 13. Suppose 0*y + q*y - 9 = 0. List the prime factors of 3 - y - (-20 - 0).
2, 5
Suppose 11 = -2*m - 17. Let j(f) = 4*f - 5. Let y(a) = 36*a - 44. Let b(n) = -28*j(n) + 3*y(n). List the prime factors of b(m).
2
Let b(g) = -g**2 - 13*g - 18. Let l be b(13). Let x = -249 - l. List the prime factors of x.
107
What are the prime factors of 276/16*82 - (-15)/(-30)?
2, 7, 101
Suppose -96 = -8*n + 12*n. Let m = n - -67. What are the prime factors of m?
43
Let m(b) = -b**3 - 2*b**2 + 4*b - 1. Let v be m(4). Let q be (-18)/v - 34/(-9). What are the prime factors of (-47)/((q/(-2))/2)?
47
Let y(l) = 2*l**2 - l + 4. Let c be 4 + -3 + 2 - 4*-1. List the prime factors of y(c).
5, 19
Let o be ((-4)/(-10))/((-8)/(-20)). Suppose 5*x - 2*r = -4*r - 19, 0 = x - 2*r - o. Let u = x + 10. What are the prime factors of u?
7
Let j(n) = -n**3 - n**2 + 14*n - 1. Suppose 0 = -7*q - 13 - 22. List the prime factors of j(q).
29
Suppose -19*a + 1595 = -1901. What are the prime factors of a?
2, 23
Let x = 1 + -9. Let d = -410 + 407. 